et g(r) = -15*r + 35 - 4 - 139. Calculate the remainder when t is divided by g(-9).
14
Suppose -f + 16 = -8. Suppose 0 = -4*c + 12, -2*h + 2 - 6 = -4*c. Suppose -4*s - 5*a + h = -8, -4*s = a - 12. What is the remainder when f is divided by s?
0
Suppose 23 = -2*s + 97. Suppose -s*y + 560 = -32*y. What is the remainder when y is divided by 6?
4
Suppose 384 = 7*p - 610. Calculate the remainder when 438 is divided by p.
12
Let f(n) = -4*n - 23. Calculate the remainder when 501 is divided by f(-8).
6
Let s(g) = 21*g - 55. Let o be s(10). Let h = 208 - o. Calculate the remainder when h is divided by 3.
2
Suppose -12*z + z - 14*z = -50175. Calculate the remainder when z is divided by 53.
46
What is the remainder when 6125/14 - 12/(-24) is divided by 1?
0
Let f be (-4)/16*71*2*-2. Let a = 75 - f. Suppose a*h + 2*i = 46, -2*i = 5*h + 36 - 96. What is the remainder when h is divided by 5?
4
Let t be (-1)/((-3)/12*-4)*-3. Suppose 4*f - 24 = -t*w, 4*w - 2*w + 3*f = 16. What is the remainder when 173 is divided by w?
5
Let q be (-52)/(-8) + 2/(-4). Let n be (-2)/(3/8*q/(-45)). Calculate the remainder when (-466)/(-4) + 20/n is divided by 24.
21
Let t(y) = -4*y**2 - 3*y + 10. Let s be t(-18). Calculate the remainder when s/(-121) - 4/22 is divided by 26/8 - 4/16.
1
Let z = -2826 - -2834. What is the remainder when 33 is divided by z?
1
Let f be ((20/12)/1)/((-8)/(-96)). Suppose -23*z + f*z = -225. Calculate the remainder when 145 is divided by z.
70
Suppose 6*n + 143 = 263. Let k = -45 + 53. Calculate the remainder when n is divided by ((-12)/k)/(2/(-4)).
2
Suppose -5 = -o - p, -3*p - 2 = -5*o - 1. Calculate the remainder when 95 is divided by o + (-48)/(-14)*(-14)/(-4).
11
Let v be -5 - 8/(16/4). Let y = v + 65. What is the remainder when y is divided by 42*(-8 - (-204)/24)?
16
Let a = 5973 + -5961. Calculate the remainder when 1750 is divided by a.
10
Suppose -d = 3*f + 25, -3*f + 5*f - 210 = 5*d. Calculate the remainder when 4/10 + (-4504)/d is divided by 13.
9
Suppose -17 - 2 = -19*y. Let q(r) = 20*r**2 + 3*r - 4. What is the remainder when q(y) is divided by 9?
1
Suppose -5*q + 4*j + 24 = 0, -2 = 2*q - j - 11. Calculate the remainder when q*(-2)/36 + 4802/63 is divided by 17.
8
Let v(o) = -o**2 + 24*o + 188. Suppose 3*s + 12 - 102 = 0. Calculate the remainder when 46 is divided by v(s).
6
Let d(i) = -i**3 + 18*i**2 + 17*i - 10. What is the remainder when d(18) is divided by 33?
32
Calculate the remainder when 278 - 6 - (-7)/(-35)*15 is divided by 46.
39
Let q(n) = 31*n - 12. Let z be q(1). Suppose 2 = 3*c - z. Calculate the remainder when 34 is divided by c.
6
Suppose -276081 = 2*w - 18*w - 61553. What is the remainder when w is divided by 30?
28
Let j = 868 + -567. Suppose 5*y - 2*v = j, 6*y + 115 = 8*y + v. What is the remainder when y is divided by 15?
14
Let u(f) = f**2 - 2*f - 695. Calculate the remainder when 509 is divided by u(28).
14
Let l be 1*(-2 + -3)*(42 - 59). Let y = l - 66. Calculate the remainder when y is divided by 10.
9
Let x be ((-30)/(-40))/(2/8). Calculate the remainder when 2082/24 - x/(-12) is divided by 11.
10
Let p(q) be the first derivative of 38 + 1/3*q**3 + 147*q - 3/2*q**2. What is the remainder when p(0) is divided by 30?
27
Let t = 38 - -1. Let x = -521 - -531. Calculate the remainder when t/4*(-32)/(-12) is divided by x.
6
Suppose 28*h - 27*h = -471. Let z = 500 + h. Calculate the remainder when z is divided by 8.
5
Suppose 12*h - 13975 = 37*h. Let c = h + 797. Calculate the remainder when c is divided by 40.
38
Let b be 242/2 - 9*(-2)/(-6). Let q = b - 54. Let m = q + -16. Calculate the remainder when m is divided by 13.
9
What is the remainder when 4821 is divided by (-10)/(-4)*(-14688)/(-510)?
69
Let k(b) = 2*b**2 - 93*b - 131. Let v be k(47). What is the remainder when 287 is divided by (-5 - -6)*-6 + v/(-2)?
35
Suppose 5*d + 4*m = 7*m + 13, 4*d + 2*m = 28. Suppose d*l - 2*u = 202, 5*u + 100 = 5*l - 90. Let h = -97 + 178. What is the remainder when h is divided by l?
39
Let s(v) = v**2 + 2. Let x be s(1). Suppose y + 7 + 16 = 5*r, x*y = 5*r - 29. Suppose -r*i + 141 + 191 = 0. What is the remainder when i is divided by 28?
27
What is the remainder when 15235/15 - -4 - 10/15 is divided by 59?
16
Let l be ((-4)/22)/((-8)/88). Suppose -3*v + 90 = -l*v - 4*o, 0 = v - 2*o - 92. Calculate the remainder when v is divided by 12.
10
Suppose 0 = 11*i - 33*i + 18*i + 32. What is the remainder when 287 is divided by i?
7
Suppose 10*q - 212 = -3*l + 12*q, 4*q = 20. Let n(b) = b**2 + b. What is the remainder when l is divided by n(5)?
14
Let r be (279/(-27) - -8)/((-1)/(-30)). Let p = 74 + r. What is the remainder when 7 is divided by p?
3
Suppose 0*p + 9*p = 459. Let t(l) = -2*l**3 + 5*l**2 + 7*l - 2. Calculate the remainder when p is divided by t(-2).
11
Let b = 307 - 216. Let j = 112 - b. Calculate the remainder when 185 is divided by j.
17
Let b(v) = -24*v**3 + 1109*v**2 - 222*v + 3. Suppose 2*l - r = 185, -168 = 3*l + 3*r - 450. Calculate the remainder when b(46) is divided by l.
92
Suppose 113 = 6*h - 85. Suppose -h = -x + 14. Suppose 0 = -2*k - k + 270. Calculate the remainder when k is divided by x.
43
What is the remainder when (91356/(-207))/((-4)/6) is divided by 95?
92
Calculate the remainder when 22 + (-32 - -10) - -178 is divided by 13.
9
Let m(z) be the second derivative of -z**4/12 + 19*z**3/6 - 49*z**2/2 - 8*z + 3. What is the remainder when 90 is divided by m(5)?
6
Suppose -2*y + p + 4*p = -802, 2*p + 8 = 0. Let n = -354 + y. Calculate the remainder when 142 is divided by n.
31
Suppose 0 = 4*u - 4, 1112*k + 4*u + 8700 = 1116*k. Calculate the remainder when k is divided by 11.
9
Suppose 4*w = w + 3*c + 33, -2*w - 5*c + 57 = 0. Suppose 0 = 6*g - 2*g - w, -7 = 5*f - 3*g. Let n(u) = -u. Calculate the remainder when n(-3) is divided by f.
0
Let s = 12 + -8. Suppose 4*y = 72 + s. Suppose c = -4*j + 46, -45*c + 166 = -42*c - 2*j. What is the remainder when c is divided by y?
16
Let n(x) = x**3 - 14*x + 11. Suppose -1 = r + j, 0 = -5*r + 4*j + 2 + 2. What is the remainder when 284 is divided by n(r)?
9
Suppose -865 = 6*f - 271 - 2994. What is the remainder when f is divided by 71?
45
Calculate the remainder when 96 is divided by ((-105)/56)/15 - 2163/(-24).
6
Let h = -3410 - -3430. Calculate the remainder when 24 is divided by h.
4
Suppose -14*d - 5179 = -5515. Calculate the remainder when 547 is divided by d.
19
Let j be -3 - (-6)/3 - (-120 + -1). What is the remainder when 14 is divided by -2 - (j/4)/(-6)?
2
Suppose -158 = 14*y + 108. Let q = y - -75. Suppose q = 31*w - 27*w. What is the remainder when w is divided by 8?
6
Suppose 59 = -4*r - 93. Let i be -2 - (r + -2 + -1). Let t = -36 + i. What is the remainder when 8 is divided by t?
2
Calculate the remainder when 8 is divided by 5/15*-27 - 13/(-1).
0
Suppose 14*f + 376 = 18*f. Suppose a - 11 = 5. Calculate the remainder when (f/6 - 0)/(3/9) is divided by a.
15
Let k = 43 - 22. Suppose 31 = -3*m - 4*n - 382, -5*n = -m - 163. Let j = m - -224. Calculate the remainder when j is divided by k.
18
Suppose 22*p - 21*p + 5*h - 37 = 0, 2*h = -2. What is the remainder when 624 is divided by p?
36
Suppose -2*x = 2, -2*o = -0*o + 4*x - 306. What is the remainder when o is divided by (-5)/(-2)*(-11232)/(-1560)?
11
Suppose 12*o - n - 5790 = 5955, 3*o = 2*n + 2931. What is the remainder when o is divided by 4?
3
Suppose -5*m + 69 = 2*f, 3*f = -f + m + 171. Suppose -f*t = -36*t - 1026. Calculate the remainder when t is divided by 35.
31
Suppose -14*n - 27043 + 210317 = 4*t, -2*n + 4*t + 26150 = 0. Calculate the remainder when n is divided by 6.
3
Suppose -3*z - b = -353, 0 = -0*z - 2*z + 5*b + 224. Suppose -5*l + 2*l = -z. Let c = -22 + l. Calculate the remainder when 67 is divided by c.
16
Let q(b) = -b**3 - b**2 - b + 13. Let a(t) = 16*t - 6. Let f be a(0). Calculate the remainder when 204/(-85)*(-20)/f*-3 is divided by q(0).
11
Let f = -106 - -167. Let r = 13 - 13. Suppose 2*x + 4 - 20 = r. Calculate the remainder when f is divided by x.
5
Let n(v) = -v**3 + 14*v**2 - 14*v + 17. Let o be n(13). Suppose 0 = -o*k - k + 470. What is the remainder when k is divided by 24?
22
Let z(y) = y**3 + 4*y**2 + 2*y + 1. Let d be z(-2). Suppose d*n = 14*q - 16*q + 49, 4*q - 68 = -4*n. W